04. Suppose 7*v = 23509 + s. Is v composite?
False
Suppose 21 = 5*x + 6. Suppose -x*p = -4*k + 1660, -k - 2*p - 1245 = -4*k. Is k prime?
False
Let x be (-2)/(-8) + (-86361)/(-44). Let n = 2900 - x. Is n prime?
True
Is (-1)/(6732/(-1346) - -5) composite?
False
Is -5 + 0 - -8824*1 prime?
True
Let y(o) be the first derivative of 185/4*o**4 + 1/3*o**3 - o - 1 + 0*o**2. Is y(1) composite?
True
Is -20 + 25 + 0 + 9612 prime?
False
Let s(o) = o**3 + 4*o**2 - 6*o - 4. Let j be s(-5). Let v be 2 + j/(4/(-24)). Is (v/8 - -4)*6 a composite number?
True
Let n = -340 + 2201. Is n a composite number?
False
Is (-2)/(-4 + (1037/173 - 2)) a prime number?
False
Suppose 0 = 2*f + l - 882 - 103, f - 2*l = 495. Is f a prime number?
False
Let m(c) = 2 - c**3 - 10 + 3*c**3 - 3*c**3 - 5*c + 8*c**2. Let r be m(7). Suppose 0 = 5*y - 5*s - 100, -s - 70 = 3*y - r*y. Is y composite?
True
Let i be 3 + (3 + -12)/3. Suppose i = -2*z - 6 + 18. Is 21/(-126) + 1399/z composite?
False
Suppose 0 = 41*h - 50*h + 63. Suppose 0 = 5*o - 199 - 2976. Suppose 6*s - h*s = -o. Is s a prime number?
False
Suppose -15*w + 11*w + 20 = 0. Suppose 0 = -6*f + w*f + 759. Suppose -4*b = -x + 313, 5*x = 3*b + 823 + f. Is x prime?
True
Let j = -16 - -17. Is j + (-2)/2 - -158 prime?
False
Let w be (9/(-6))/(2/(-4)). Let l = w - -2. Suppose 143 = l*f + q - 27, -60 = -f + 5*q. Is f composite?
True
Let l(v) = 4*v**2 - 12*v - 5. Let i(a) = -a**2 - 9*a + 6. Let w(z) = z**2 + 9*z - 5. Let c(b) = -4*i(b) - 5*w(b). Let y be c(-8). Is l(y) a prime number?
True
Is (-16268)/(-12) - (-3 - 15/(-9)) prime?
False
Suppose 13*b + 64 = 12. Let n be (3/2)/(3/8). Is 134/b*n/(-2) prime?
True
Let z(s) = 2*s**2 + s + 2819. Is z(0) a prime number?
True
Suppose -2 = -2*s, 2*l - 101346 = s - 5*s. Is l a prime number?
True
Suppose -71*j + 2523311 + 2014086 = 0. Is j composite?
False
Let n = -25 + 45. Let r be (16/n)/(4/290). Is r - (-3 + (5 - 1)) a prime number?
False
Suppose -9 = -5*i - 0*i + 2*y, -4*i - 3 = -5*y. Let p = i - 0. Suppose -2*q + 815 = p*q. Is q a composite number?
False
Let l(z) = -z**3 + 16*z**2 + 23*z - 7. Let o be l(17). Suppose 0 = -4*t + r + 2*r + 380, t - 5*r - o = 0. Is t composite?
True
Let j(z) = 249*z + 61. Is j(9) a prime number?
False
Let q(y) = 3911*y + 339. Is q(8) a composite number?
False
Suppose -175600 + 48685 = -5*r. Is r a composite number?
True
Let f be (3 + -5)*(-15)/(-6). Let s be -4*f*3/(-12). Let d(r) = 6*r**2 + 3*r - 4. Is d(s) composite?
False
Suppose 3*l + 2*i = -2*i, -i = 5*l. Suppose v - 54 = -v - s, l = 3*s - 6. Suppose 9 = -3*g - 0*g, 2*g = 2*a - v. Is a prime?
False
Suppose 0 = -5*r - 7*s + 2*s - 2030, 0 = -2*r - 4*s - 810. Suppose -z - 280 = -0*z. Let f = z - r. Is f a composite number?
False
Let h be 20/(2 + 3) + 74. Let o = h + -43. Is o prime?
False
Suppose 10*q = -9819 + 42899. Suppose 314 + q = 4*o - 3*z, 5*o = -z + 4537. Is o a composite number?
False
Let g = -24 - -36. Is ((-53)/(-2))/(g/24) prime?
True
Suppose 958 = -5*p + 3*p. Let n(f) = 85*f**3 - 2*f**2 - 2*f - 1. Let g be n(-2). Let s = p - g. Is s prime?
False
Let g = 1308 - 625. Suppose -4*u + 2687 - g = 0. Suppose 3*x - u = -24. Is x a prime number?
False
Let d be (-72)/(-27) + (-8)/(-6) + -1. Suppose -3*l - 847 = -4*k, -d*k + 532 = 4*l - 97. Is k composite?
False
Let x(k) be the first derivative of k**4/2 - k**3 - 3*k**2/2 - 7*k - 6. Is x(6) a composite number?
True
Let l(c) = 5*c**2 - c + 21. Let q be l(14). Suppose -w = -f - 1006 - q, 5*f = -3*w + 5963. Is w prime?
False
Let q(u) = -931*u - 709. Is q(-8) a prime number?
False
Suppose -4*i = -p + 12, -i + 2 = p - 0. Let d = p + -4. Suppose -3*z = -d*z - 537. Is z a prime number?
True
Suppose 4*r - 28 = u + 3*u, -4*u - 4*r - 36 = 0. Let l be (1146/u)/((-12)/64). Is l*(27/12 + -2) a prime number?
True
Suppose -3*t + 1548 = -117*m + 118*m, t + 3*m - 508 = 0. Is t composite?
True
Let h = -1388 - -2011. Suppose -4*y = -y + 5*l + 887, -1191 = 4*y + 5*l. Let z = y + h. Is z prime?
False
Let x = -45552 - -67909. Is x composite?
True
Let v(y) = -5*y + 11*y**2 + 2*y + 1 + y**3 + 0 + 1. Is v(-9) composite?
False
Let l(a) = a**3 + 9*a**2 - 12*a - 17. Let w be l(-10). Suppose 2*u - 216 = u + 5*g, -636 = -3*u + w*g. Is u composite?
False
Let o(x) = 13*x**3 - 10*x - 3*x - 14*x**3 - 7*x**2 + 3. Let j be o(-9). Let n = -167 + j. Is n a prime number?
False
Let v be 3*((-22)/33)/((-4)/6). Suppose 2*u = -8, 3*x - x + v*u - 682 = 0. Is x composite?
False
Let r = -9 + 19. Let d = -8 + r. Suppose 4*c = -b + d + 51, -2*b + 41 = -5*c. Is b prime?
False
Suppose 9*m - 17370 = -9*m. Is m a composite number?
True
Suppose -600 = 2*c + 7626. Let w = c - -7186. Is w a composite number?
True
Let b = 921 - 124. Is b a prime number?
True
Suppose -13*b - 69*b + 69782 = 0. Is b prime?
False
Let q = 10 + -15. Let l(b) = 50*b + 19. Let n(y) = -75*y - 29. Let f(m) = q*n(m) - 7*l(m). Is f(7) composite?
True
Let o be (922/6 - -2 - -4)*51. Is o/7 - ((-132)/(-21) + -6) composite?
False
Suppose 41*b - 119272 = 33*b. Is b composite?
True
Let o(b) = 4*b**2 - 17. Is o(5) composite?
False
Let b be (0*(-5)/25)/1. Suppose -5*v + 75 + 15 = b. Is (148 - -1)/(v - 17) prime?
True
Let p(q) = -6*q + 9. Let j(g) = -4*g**2 + g - 1. Let a be j(-2). Is p(a) a composite number?
True
Let w(s) = -s**3 - 6*s**2 - 8*s + 10. Let c be w(-8). Is c + -1 - 30/15 a prime number?
True
Let l(r) = 4 - 3*r - 2*r**2 - 5*r**2 + r**3 + 4*r**2. Let n be l(4). Suppose -n*m = -3*m + 10, -m + 139 = s. Is s a prime number?
False
Suppose 11*l - 14*l - 3*u + 168246 = 0, -l + 5*u = -56076. Is l composite?
False
Suppose 2*f - f - 49 = -4*d, 2*d = -2*f + 20. Suppose -4*s = 3*o - 8, -4*o + 4*s + d = -7. Is o/24 - (-4762)/12 prime?
True
Let d = 26098 + -9327. Is d a composite number?
True
Let t = 39 + 516. Suppose -4*a = a - t. Let m = 166 - a. Is m composite?
True
Let z(l) be the first derivative of 3*l**2/2 + l + 6. Let r be z(1). Suppose -1305 = -5*v + 5*t, -5*t - r = -v + 249. Is v a prime number?
True
Suppose 12242 + 85903 = 3*q + 2*h, -2*q + 65441 = 5*h. Is q composite?
False
Let a(i) = -i + 8*i - i**2 - 6*i + 821. Is a(0) a composite number?
False
Suppose -l = 2*l + 9, -4*x - 65 = -5*l. Suppose 0*c = i + 3*c + 104, -532 = 5*i + 3*c. Let p = x - i. Is p composite?
True
Let u be ((-20)/4)/(0 + -1). Suppose 0*q + 9 = 4*n + q, -5*q + u = 0. Suppose 5*d + 123 = -n*w + 570, 5*w - 5*d = 1030. Is w a composite number?
False
Let a = 1484 + 2046. Let w = -1513 + a. Is w prime?
True
Is 19574/26 + ((-424)/(-52) - 8) a composite number?
True
Is (-30737)/(((-33)/(-3))/(-11)) prime?
False
Suppose 1640 = 2*d - 1746. Is d composite?
False
Suppose 5*g - 138 = 2*g. Is 14/(-7) - g/(-2) composite?
True
Let d(q) = 15*q**2 - 2*q - 9. Suppose -r + 47 - 43 = 0. Is d(r) prime?
True
Suppose 2*s + 1346 = 5910. Suppose -j = 4, -4*j = -5*z + s - 81. Is z a prime number?
False
Let a(n) be the second derivative of n**4/2 + n**3/6 + n. Let h be a(-1). Suppose -h*v = -2*v - 789. Is v prime?
True
Suppose -4*u - 5 - 34 = -5*f, -4*u - 5*f = 49. Let y = u + 13. Suppose -4*n = -y*n - 76. Is n a prime number?
False
Let y(l) = 2*l**3 - 36*l**2 + 2*l + 19. Is y(25) a prime number?
True
Suppose -12*g = -4297 + 433. Let n = g - -2113. Is n composite?
True
Suppose 5 = -8*x + 13. Let d = x - -148. Is d a prime number?
True
Let u(b) = 79*b**2 - 19*b + 101. Is u(5) prime?
False
Suppose 0 = -4*r + 4*n + 16, -3*r + 10 = -3*n + n. Suppose 3*b + 607 = 4*b + 4*g, -g + 1242 = r*b. Is b a prime number?
False
Suppose 0 = 4*c - 12, -70 = 5*k + 4*c - 412. Let p = k - -527. Is p a composite number?
False
Is 6/6 + 8*737 prime?
True
Is 291584/18 - 98/882 a composite number?
True
Suppose -4*q + 6116 = 2*x, 2*q + x + 1526 = 3*q. Suppose -q - 1142 = -10*b. Is b a prime number?
False
Let i(g) = -5*g + 11. Let k be i(-5). Is (18/k)/(2/3076) a composite number?
False
Let u = -10 - -18. Suppose u*p = 4*p - 8. Let g(c) = 20*c**2 + c - 1. Is g(p) composite?
True
Is (-12)/16*(-48264)/9 a prime number?
False
Let k = 1932 - -787. Is k a prime number?
True
Suppose -6*a + 1603 = -3083. Is a composite?
True
Let v be 0/((-1)/(4/(-12))) + 2. Suppose -v*s - 6058 = -2*x, -x = 2*s - 0*s - 3035. Is x prime?
False
Let r = -99 + 150. Let p = -14 + r. Is p prime?
True
Suppose -2*a - 13*t = -8*t - 5, -2*a - 3*t + 3 = 0. Is (